 a multiple of 16?
True
Is 108 a factor of 9551113?
False
Is 61 a factor of 3416854?
True
Is 254793 a multiple of 77?
True
Is 9154743 a multiple of 43?
True
Is 5 a factor of 97242?
False
Is 48 a factor of 1304256?
True
Is 1389724 a multiple of 28?
True
Is 29 a factor of 10070895?
False
Does 10 divide 848878?
False
Is 17417903 a multiple of 2544?
False
Does 51 divide 60365?
False
Is 197 a factor of 4055639?
True
Does 1205 divide 19413755?
True
Does 40 divide 535320?
True
Is 1058875 a multiple of 342?
False
Is 11 a factor of 2173347?
True
Is 25000707 a multiple of 16?
False
Does 24 divide 1022856?
True
Is 620884 a multiple of 548?
True
Is 18 a factor of 1524222?
True
Does 49 divide 382875?
False
Does 112 divide 313152?
True
Is 42 a factor of 170226?
True
Is 11073656 a multiple of 88?
True
Is 1054128 a multiple of 452?
False
Is 256 a factor of 2792448?
True
Is 15426228 a multiple of 12?
True
Is 66 a factor of 79926?
True
Does 71 divide 122514?
False
Does 5 divide 13580?
True
Is 287570 a multiple of 193?
True
Does 86 divide 82870?
False
Does 172 divide 879092?
True
Is 9 a factor of 124407?
True
Is 3 a factor of 13873?
False
Is 11183094 a multiple of 18?
True
Is 70 a factor of 136990?
True
Is 63897 a multiple of 4?
False
Is 55 a factor of 1810435?
True
Is 2281452 a multiple of 17?
False
Is 979300 a multiple of 20?
True
Is 61 a factor of 44141?
False
Is 332 a factor of 3541099?
False
Is 717 a factor of 6276715?
False
Does 136 divide 59296?
True
Does 751 divide 11772676?
True
Does 241 divide 171833?
True
Does 435 divide 318638?
False
Is 23 a factor of 24380?
True
Is 1497033 a multiple of 369?
True
Is 61 a factor of 1392142?
True
Does 948 divide 376356?
True
Is 21 a factor of 7447020?
True
Is 6 a factor of 46324?
False
Is 2730989 a multiple of 17?
False
Is 10917134 a multiple of 437?
True
Does 155 divide 545290?
True
Is 11 a factor of 5766202?
False
Is 84 a factor of 56014?
False
Does 21 divide 25093?
False
Does 747 divide 6124653?
True
Is 15 a factor of 31415?
False
Is 365 a factor of 1069815?
True
Does 152 divide 12138724?
False
Is 93824 a multiple of 18?
False
Is 9 a factor of 7578210?
False
Does 577 divide 23366769?
True
Is 11 a factor of 273126?
False
Is 8559 a multiple of 9?
True
Is 28847 a multiple of 17?
False
Is 162335 a multiple of 468?
False
Does 404 divide 418948?
True
Does 14 divide 302294?
False
Is 21062 a multiple of 28?
False
Does 205 divide 157645?
True
Is 141 a factor of 12342?
False
Is 348 a factor of 2885616?
True
Does 17 divide 4794374?
True
Is 580635 a multiple of 51?
True
Does 565 divide 901368?
False
Does 227 divide 1919285?
True
Is 6 a factor of 5196150?
True
Is 759 a factor of 3981369?
False
Is 13977916 a multiple of 2016?
False
Does 9 divide 4244509?
False
Is 431 a factor of 6991251?
True
Is 52248 a multiple of 56?
True
Is 30 a factor of 13648140?
True
Does 11 divide 27609?
False
Does 220 divide 9539?
False
Is 31 a factor of 503130?
True
Is 182600 a multiple of 50?
True
Is 5 a factor of 56140?
True
Is 1719 a factor of 5452668?
True
Is 2635668 a multiple of 126?
True
Does 46 divide 861241?
False
Does 73 divide 386371?
False
Does 15 divide 11709?
False
Does 15 divide 1634775?
True
Does 136 divide 52632?
True
Is 206 a factor of 402730?
True
Is 48804 a multiple of 21?
True
Is 467046 a multiple of 27?
True
Does 146 divide 203524?
True
Is 2849577 a multiple of 5?
False
Is 271 a factor of 486174?
True
Does 340 divide 479400?
True
Is 159 a factor of 3470023?
False
Does 5 divide 1105290?
True
Is 30 a factor of 31870830?
True
Is 28064 even?
True
Is 22439341 a multiple of 309?
False
Does 92 divide 1755497?
False
Is 11 a factor of 692791?
True
Is 480 a factor of 1112625?
False
Is 7921417 a multiple of 27?
False
Is 53704 a multiple of 28?
True
Does 51 divide 10745?
False
Is 311 a factor of 5664243?
True
Is 108786 a multiple of 389?
False
Is 105 a factor of 284447?
False
Is 8 a factor of 2553416?
True
Is 16 a factor of 678336?
True
Is 163 a factor of 302202?
True
Is 48227 a multiple of 66?
False
Does 14 divide 774209?
False
Is 11 a factor of 5887816?
True
Is 149 a factor of 802365?
True
Is 118571 a multiple of 300?
False
Is 611 a factor of 5112237?
True
Is 344 a factor of 723088?
True
Is 27 a factor of 64809?
False
Does 13 divide 3600647?
False
Does 9 divide 312913?
False
Is 242005 a multiple of 270?
False
Is 649572 a multiple of 407?
True
Is 9065310 a multiple of 19?
False
Does 77 divide 25795?
True
Is 47 a factor of 3793793?
True
Is 60000 a multiple of 150?
True
Does 24 divide 3932544?
True
Does 46 divide 332350?
True
Does 21 divide 21869?
False
Does 15 divide 115545?
True
Is 2 a factor of 6759?
False
Is 194051 a multiple of 23?
True
Is 888580 a multiple of 90?
False
Is 2529967 a multiple of 127?
True
Is 23 a factor of 575827?
False
Is 1272594 a multiple of 437?
False
Is 373423 a multiple of 43?
False
Does 458 divide 22184?
False
Is 50730 a multiple of 3?
True
Is 190 a factor of 306280?
True
Is 71 a factor of 84703?
True
Is 86385 a multiple of 15?
True
Is 101 a factor of 8295677?
False
Is 42 a factor of 1474326?
True
Does 451 divide 1029182?
True
Does 159 divide 338829?
True
Does 27 divide 20880?
False
Is 282048 a multiple of 31?
False
Is 122090 a multiple of 421?
True
Is 155756 a multiple of 46?
True
Is 190 a factor of 6113440?
True
Does 19 divide 1269224?
False
Is 32 a factor of 3537053?
False
Is 167127 a multiple of 113?
True
Is 220 a factor of 96360?
True
Does 113 divide 392481?
False
Does 10 divide 3425650?
True
Is 17 a factor of 122462?
False
Is 1161384 a multiple of 168?
True
Is 327 a factor of 1447956?
True
Is 266633 a multiple of 22?
False
Is 2450547 a multiple of 9?
True
Does 89 divide 844607?
False
Does 133 divide 65774?
False
Is 5194304 a multiple of 64?
True
Does 2 divide 188060?
True
Does 9 divide 2377962?
True
Does 17 divide 860986?
False
Is 12 a factor of 8952?
True
Is 620 a factor of 598300?
True
Does 196 divide 1266295?
False
Is 51 a factor of 3772011?
True
Is 907018 a multiple of 14?
True
Does 776 divide 4665227?
False
Is 7345590 a multiple of 1330?
True
Is 376812 a multiple of 18?
True
Does 10 divide 165682?
False
Is 4538808 a multiple of 6?
True
Is 23256 a multiple of 152?
True
Is 14 a factor of 69149?
False
Does 55 divide 1058812?
False
Is 19 a factor of 2553720?
False
Is 2119718 a multiple of 90?
False
Is 121 a factor of 13436912?
False
Is 36 a factor of 1225123?
False
Is 52 a factor of 1859815?
False
Is 21 a factor of 12615897?
True
Is 13395 a multiple of 17?
False
Does 160 divide 1757794?
False
Is 1734537 a multiple of 41?
False
Is 352383 a multiple of 23?
True
Does 70 divide 640150?
True
Is 60646 a multiple of 7?
False
Is 40034 a multiple of 155?
False
Does 997 divide 6337929?
True
Is 296692 a multiple of 242?
True
Does 28 divide 19908?
True
Does 13 divide 1088734?
False
Is 148 a factor of 1613486?
False
Does 17 divide 9308?
False
Is 7 a factor of 740257?
True
Is 119140 a multiple of 28?
True
Is 18304315 a multiple of 95?
True
Does 85 divide 153160?
False
Does 120 divide 4904280?
True
Does 14 divide 315356?
False
Is 26 a factor of 1171315?
False
Is 505 a factor of 290375?
True
Does 635 divide 3642360?
True
Is 971407 a multiple of 59?
False
Is 1760209 a multiple of 34?
False
Is 2690604 a multiple of 1157?
False
Does 79 divide 57876?
False
Does 14 divide 5899978?
True
Does 16 divide 2678984?
False
Is 203 a factor of 20233010?
True
Does 216 divide 673481?
False
Is 187122 a multiple of 181?
False
Is 25028135 a multiple of 11?
True
Does 19 divide 4918993?
False
Does 594 divide 1037124?
True
Does 445 divide 187345?
True
Does 8 divide 11402913?
False
Is 1092 a multiple of 143?
False
Is 26 a factor of 1358285?
False
Is 3597552 a multiple of 126?
True
Is 22 a factor of 535351?
False
Does 44 divide 879032?
True
Does 23 divide 31629?
False
Is 72951 a multiple of 235?
False
Is 3844785 a multiple of 15?
True
Is 9 a factor of 467370?
True
Is 14592 a multiple of 32?
True
Is 258090 a multiple of 15?
True
Does 32 divide 601248?
True
Is 47 a factor of 726588?
False
Does 755 divide 2027195?
False
Is 410 a factor of 286180?
True
Is 25 a factor of 231750?
True
Is 50157 a multiple of 255?
False
Is 70 a factor of 1353443?
False
Is 9 a factor of 4992034?
False
Is 1086774 a multiple of 483?
False
Is 2474456 a multiple of 19?
False